{"id":387,"date":"2021-10-22T13:04:35","date_gmt":"2021-10-22T11:04:35","guid":{"rendered":"https:\/\/openaccess.nrw\/?page_id=387"},"modified":"2024-04-17T10:04:13","modified_gmt":"2024-04-17T08:04:13","slug":"kontakt","status":"publish","type":"page","link":"https:\/\/openaccess.nrw\/index.php\/kontakt\/","title":{"rendered":"Kontakt"},"content":{"rendered":"\n<p>Das Projektkonsortium besteht aus Universit\u00e4ten, Fach-, Kunst- und Musikhochschulen in NRW, sowie dem Hochschulbibliothekszentrum (hbz). <\/p>\n\n\n\n<p>Konsortialf\u00fchrerin ist die <a href=\"https:\/\/www.uni-due.de\/ub\/index.php\" target=\"_blank\" rel=\"noreferrer noopener\">Universit\u00e4tsbibliothek der Universit\u00e4t Duisburg-Essen<\/a>. <\/p>\n\n\n\n<p>Die Leitung des Programmbereichs Infrastruktur unterliegt dem <a href=\"https:\/\/www.hbz-nrw.de\/\" target=\"_blank\" rel=\"noreferrer noopener\">hbz<\/a>. <\/p>\n\n\n\n<p>F\u00fcr den Programmbereich Monitoring ist die <a href=\"https:\/\/www.uni-bielefeld.de\/ub\/\" target=\"_blank\" rel=\"noreferrer noopener\">Universit\u00e4tsbibliothek der Universit\u00e4t Bielefeld<\/a> verantwortlich.<\/p>\n\n\n\n<div style=\"height:100px\" aria-hidden=\"true\" class=\"wp-block-spacer\"><\/div>\n\n\n\n<p>Bei Fragen zum Thema open access kontaktieren Sie uns gerne unter:<\/p>\n\n\n\n<p> <a rel=\"noreferrer noopener\" href=\"mailto:info@openaccess.nrw\" target=\"_blank\">info@openaccess.nrw<\/a>&nbsp;<\/p>\n","protected":false},"excerpt":{"rendered":"<p>Das Projektkonsortium besteht aus Universit\u00e4ten, Fach-, Kunst- und Musikhochschulen in NRW, sowie dem Hochschulbibliothekszentrum (hbz). Konsortialf\u00fchrerin ist die Universit\u00e4tsbibliothek der Universit\u00e4t Duisburg-Essen. Die Leitung des Programmbereichs Infrastruktur unterliegt dem hbz. F\u00fcr den Programmbereich Monitoring ist die Universit\u00e4tsbibliothek der Universit\u00e4t Bielefeld verantwortlich. Bei Fragen zum Thema open access kontaktieren Sie uns gerne unter: info@openaccess.nrw&nbsp;<\/p>\n","protected":false},"author":7,"featured_media":0,"parent":0,"menu_order":0,"comment_status":"closed","ping_status":"closed","template":"","meta":{"_mc_calendar":[],"footnotes":""},"class_list":["post-387","page","type-page","status-publish","hentry"],"_links":{"self":[{"href":"https:\/\/openaccess.nrw\/index.php\/wp-json\/wp\/v2\/pages\/387","targetHints":{"allow":["GET"]}}],"collection":[{"href":"https:\/\/openaccess.nrw\/index.php\/wp-json\/wp\/v2\/pages"}],"about":[{"href":"https:\/\/openaccess.nrw\/index.php\/wp-json\/wp\/v2\/types\/page"}],"author":[{"embeddable":true,"href":"https:\/\/openaccess.nrw\/index.php\/wp-json\/wp\/v2\/users\/7"}],"replies":[{"embeddable":true,"href":"https:\/\/openaccess.nrw\/index.php\/wp-json\/wp\/v2\/comments?post=387"}],"version-history":[{"count":13,"href":"https:\/\/openaccess.nrw\/index.php\/wp-json\/wp\/v2\/pages\/387\/revisions"}],"predecessor-version":[{"id":1087,"href":"https:\/\/openaccess.nrw\/index.php\/wp-json\/wp\/v2\/pages\/387\/revisions\/1087"}],"wp:attachment":[{"href":"https:\/\/openaccess.nrw\/index.php\/wp-json\/wp\/v2\/media?parent=387"}],"curies":[{"name":"wp","href":"https:\/\/api.w.org\/{rel}","templated":true}]}}