{"id":1462,"date":"2025-05-16T09:55:12","date_gmt":"2025-05-16T07:55:12","guid":{"rendered":"https:\/\/openaccess.nrw\/?page_id=1462"},"modified":"2025-06-30T09:12:04","modified_gmt":"2025-06-30T07:12:04","slug":"monitoring","status":"publish","type":"page","link":"https:\/\/openaccess.nrw\/index.php\/monitoring\/","title":{"rendered":"Publikations- und Kostenmonitoring in Nordrhein-Westfalen (pkm_nrw)"},"content":{"rendered":"\n<p><a href=\"https:\/\/pkm-nrw.ub.uni-bielefeld.de\/\">pkm_nrw<\/a> ist ein Dienst der Landesinitiative openaccess.nrw, der Daten und Informationen \u00fcber Publikationen und damit einhergehende Kosten f\u00fcr alle Einrichtungen der Digitalen Hochschule NRW bereitstellt. Der Dienst stellt eine Weiterentwicklung der <a href=\"https:\/\/doi.org\/10.4119\/unibi\/3000468\">Publikations-<\/a> und <a href=\"https:\/\/doi.org\/10.4119\/unibi\/2993325\">Kostenreports<\/a> dar und erh\u00e4lt regelm\u00e4\u00dfig Updates.<\/p>\n\n\n\n<p>Sollten Sie Fragen oder Anmerkungen zum hier pr\u00e4sentierten Monitoring haben, so freut sich die Landesinitiative openaccess.nrw \u00fcber <a href=\"mailto:pkm_nrw.ub@uni-bielefeld.de\">Feedback<\/a>!<\/p>\n\n\n\n<p><\/p>\n","protected":false},"excerpt":{"rendered":"<p>pkm_nrw ist ein Dienst der Landesinitiative openaccess.nrw, der Daten und Informationen \u00fcber Publikationen und damit einhergehende Kosten f\u00fcr alle Einrichtungen der Digitalen Hochschule NRW bereitstellt. Der Dienst stellt eine Weiterentwicklung der Publikations- und Kostenreports dar und erh\u00e4lt regelm\u00e4\u00dfig Updates. Sollten Sie Fragen oder Anmerkungen zum hier pr\u00e4sentierten Monitoring haben, so freut sich die Landesinitiative openaccess.nrw &hellip; <a href=\"https:\/\/openaccess.nrw\/index.php\/monitoring\/\" class=\"more-link\"><span class=\"screen-reader-text\">\u201ePublikations- und Kostenmonitoring in Nordrhein-Westfalen (pkm_nrw)\u201c <\/span>weiterlesen<\/a><\/p>\n","protected":false},"author":7,"featured_media":0,"parent":0,"menu_order":0,"comment_status":"closed","ping_status":"closed","template":"","meta":{"_mc_calendar":[],"footnotes":""},"class_list":["post-1462","page","type-page","status-publish","hentry"],"_links":{"self":[{"href":"https:\/\/openaccess.nrw\/index.php\/wp-json\/wp\/v2\/pages\/1462","targetHints":{"allow":["GET"]}}],"collection":[{"href":"https:\/\/openaccess.nrw\/index.php\/wp-json\/wp\/v2\/pages"}],"about":[{"href":"https:\/\/openaccess.nrw\/index.php\/wp-json\/wp\/v2\/types\/page"}],"author":[{"embeddable":true,"href":"https:\/\/openaccess.nrw\/index.php\/wp-json\/wp\/v2\/users\/7"}],"replies":[{"embeddable":true,"href":"https:\/\/openaccess.nrw\/index.php\/wp-json\/wp\/v2\/comments?post=1462"}],"version-history":[{"count":11,"href":"https:\/\/openaccess.nrw\/index.php\/wp-json\/wp\/v2\/pages\/1462\/revisions"}],"predecessor-version":[{"id":1540,"href":"https:\/\/openaccess.nrw\/index.php\/wp-json\/wp\/v2\/pages\/1462\/revisions\/1540"}],"wp:attachment":[{"href":"https:\/\/openaccess.nrw\/index.php\/wp-json\/wp\/v2\/media?parent=1462"}],"curies":[{"name":"wp","href":"https:\/\/api.w.org\/{rel}","templated":true}]}}